le of 35?
True
Is 5 a factor of 1034020?
True
Does 12 divide 10629865?
False
Is 991185 a multiple of 115?
True
Is 142 a factor of 667899?
False
Does 17 divide 2782291?
False
Does 75 divide 381450?
True
Is 38 a factor of 1876668?
True
Is 1638912 a multiple of 96?
True
Does 271 divide 943970?
False
Does 63 divide 3782046?
False
Is 630 a factor of 5138280?
True
Is 31 a factor of 9747?
False
Is 3232282 a multiple of 16?
False
Is 31 a factor of 42230?
False
Does 968 divide 11745?
False
Is 346 a factor of 41132?
False
Is 27 a factor of 14579784?
True
Does 14 divide 207354?
True
Does 12 divide 1343589?
False
Does 4 divide 816856?
True
Is 2 a factor of 2018?
True
Does 11 divide 3546873?
True
Does 5 divide 201116?
False
Is 2949648 a multiple of 66?
False
Does 40 divide 1217646?
False
Is 19 a factor of 2938220?
False
Is 170807 a multiple of 84?
False
Is 272 a factor of 14611223?
False
Is 170 a factor of 2914221?
False
Is 832025 a multiple of 115?
True
Does 47 divide 426437?
False
Is 13809 a multiple of 46?
False
Is 63 a factor of 832482?
True
Is 311126 a multiple of 13?
False
Does 2 divide 6530?
True
Is 11683 a multiple of 3?
False
Is 13 a factor of 9165806?
True
Is 8 a factor of 26664?
True
Is 50 a factor of 16734250?
True
Does 70 divide 10156775?
False
Is 39 a factor of 48248?
False
Is 358680 a multiple of 105?
True
Does 30 divide 358892?
False
Is 1265036 a multiple of 15?
False
Is 354593 a multiple of 61?
True
Is 3345780 a multiple of 30?
True
Does 98 divide 209117?
False
Is 4789655 a multiple of 1234?
False
Is 70 a factor of 215320?
True
Is 507705 a multiple of 11?
True
Is 5284560 a multiple of 776?
True
Is 45 a factor of 813530?
False
Is 9 a factor of 749246?
False
Is 65 a factor of 726700?
True
Does 30 divide 1107222?
False
Is 7 a factor of 96166?
True
Is 802600 a multiple of 3?
False
Does 46 divide 1163890?
False
Is 89093 a multiple of 4?
False
Is 11883473 a multiple of 1193?
True
Does 63 divide 11977182?
True
Does 94 divide 214619?
False
Does 73 divide 14067?
False
Does 17 divide 31756?
True
Is 622 a factor of 8645363?
False
Does 11 divide 270635?
False
Is 59 a factor of 231398?
True
Is 1121120 a multiple of 35?
True
Is 93393 a multiple of 15?
False
Does 85 divide 4802755?
True
Does 15 divide 2330175?
True
Does 11 divide 126674?
False
Is 26040 a multiple of 105?
True
Does 774 divide 581274?
True
Does 18 divide 172656?
True
Does 253 divide 3369856?
False
Is 231272 a multiple of 17?
False
Does 7 divide 5514?
False
Does 37 divide 1646488?
False
Does 38 divide 43890?
True
Does 41 divide 753990?
True
Is 229 a factor of 1260645?
True
Does 45 divide 15216432?
False
Does 43 divide 8422969?
True
Does 26 divide 4357756?
True
Is 1295181 a multiple of 151?
False
Is 3315294 a multiple of 18?
True
Does 158 divide 12279128?
True
Does 168 divide 609888?
False
Does 15 divide 3592209?
False
Is 7 a factor of 7462351?
False
Is 4597552 a multiple of 14?
False
Is 16 a factor of 35708?
False
Does 12 divide 12153638?
False
Is 129 a factor of 1941031?
False
Does 8 divide 4120149?
False
Is 87449 a multiple of 87?
False
Is 486048 a multiple of 488?
True
Is 2304 a factor of 18385920?
True
Does 11 divide 255926?
True
Is 293683 a multiple of 19?
True
Is 396694 a multiple of 76?
False
Is 217 a factor of 2794309?
True
Is 403 a factor of 128048?
False
Does 4 divide 3718?
False
Does 15 divide 14713770?
True
Is 75 a factor of 526181?
False
Does 113 divide 411225?
False
Is 585 a factor of 67860?
True
Is 38 a factor of 4227082?
True
Is 32280 a multiple of 6?
True
Is 6933370 a multiple of 6?
False
Is 456895 a multiple of 16?
False
Is 9 a factor of 821304?
True
Is 201216 a multiple of 210?
False
Does 33 divide 29406?
False
Is 126 a factor of 426942?
False
Does 36 divide 1225502?
False
Is 1605 a factor of 7545105?
True
Is 64 a factor of 38076?
False
Is 165910 a multiple of 85?
False
Is 114 a factor of 3036504?
True
Is 154 a factor of 15400?
True
Is 11 a factor of 184943?
True
Does 9 divide 366080?
False
Is 1595207 a multiple of 7?
False
Does 26 divide 49192?
True
Is 96923 a multiple of 68?
False
Is 8951594 a multiple of 106?
True
Is 2288637 a multiple of 93?
True
Is 34 a factor of 114246?
False
Is 18972 a multiple of 12?
True
Does 363 divide 1697388?
True
Does 56 divide 2946832?
True
Is 291 a factor of 2690874?
False
Is 16 a factor of 1583537?
False
Is 3473656 a multiple of 30?
False
Is 2 a factor of 153461?
False
Does 269 divide 1786160?
True
Does 51 divide 19444?
False
Is 112 a factor of 2019398?
False
Is 8789630 a multiple of 10?
True
Is 627 a factor of 14493831?
False
Is 284320 a multiple of 4?
True
Is 22441560 a multiple of 15?
True
Is 2841710 a multiple of 290?
True
Is 148 a factor of 168276?
True
Does 213 divide 316305?
True
Does 9 divide 98874?
True
Is 12081438 a multiple of 10?
False
Is 111226 a multiple of 38?
True
Is 90919 a multiple of 59?
True
Is 164853 a multiple of 13?
True
Is 6209 a multiple of 10?
False
Is 47 a factor of 62243?
False
Is 394592 a multiple of 118?
True
Does 55 divide 389290?
True
Is 44 a factor of 2776230?
False
Is 4246528 a multiple of 22?
True
Is 3372447 a multiple of 14?
False
Is 2739920 a multiple of 464?
True
Does 1830 divide 6974130?
True
Is 27 a factor of 160116?
False
Is 5 a factor of 396895?
True
Is 2489591 a multiple of 11?
False
Does 26 divide 8174348?
True
Does 409 divide 721476?
True
Is 53 a factor of 712182?
False
Is 235569 a multiple of 16?
False
Is 47 a factor of 321808?
False
Is 22065 a multiple of 163?
False
Is 131518 a multiple of 19?
True
Is 142556 a multiple of 6?
False
Is 11179 a multiple of 7?
True
Is 1552640 a multiple of 80?
True
Is 20 a factor of 1031959?
False
Is 23 a factor of 198497?
False
Does 6 divide 364290?
True
Is 52 a factor of 328599?
False
Does 227 divide 101759?
False
Does 63 divide 1050210?
True
Does 128 divide 1655417?
False
Does 20 divide 2395066?
False
Does 21 divide 4870880?
False
Is 253 a factor of 858063?
False
Is 12408 a multiple of 282?
True
Is 3055190 a multiple of 3?
False
Does 1789 divide 1654825?
True
Does 339 divide 64861?
False
Is 73358 a multiple of 212?
False
Is 5457989 a multiple of 1048?
False
Does 242 divide 213444?
True
Is 16 a factor of 221951?
False
Is 21432 a multiple of 19?
True
Is 5 a factor of 1052414?
False
Does 148 divide 631516?
True
Is 1425375 a multiple of 905?
True
Is 42896 a multiple of 27?
False
Does 44 divide 170896?
True
Is 57 a factor of 13216932?
True
Is 1749257 a multiple of 4?
False
Is 64372 a multiple of 22?
True
Does 33 divide 696952?
False
Is 1366880 a multiple of 179?
False
Does 398 divide 421880?
True
Does 87 divide 371451?
False
Is 4 a factor of 59840?
True
Is 171380 a multiple of 38?
True
Is 663572 a multiple of 26?
True
Is 10868 a multiple of 22?
True
Is 22 a factor of 364695?
False
Is 8 a factor of 271791?
False
Does 1936 divide 12438909?
False
Does 157 divide 144352?
False
Does 3 divide 36052?
False
Is 218112 a multiple of 312?
False
Does 362 divide 131272?
False
Is 114 a factor of 305976?
True
Does 30 divide 18088680?
True
Does 14 divide 1156870?
False
Does 365 divide 2868170?
True
Is 4670435 a multiple of 245?
True
Is 9 a factor of 8774631?
True
Does 14 divide 84518?
True
Does 14 divide 25299?
False
Does 793 divide 249795?
True
Is 7 a factor of 17822?
True
Is 7583264 a multiple of 32?
True
Is 30981 a multiple of 198?
False
Is 1309531 a multiple of 81?
False
Is 28 a factor of 94752?
True
Is 310464 a multiple of 308?
True
Is 225680 a multiple of 65?
True
Is 87700 a multiple of 20?
True
Does 25 divide 250?
True
Is 8534 even?
True
Is 141184 a multiple of 64?
True
Does 511 divide 368431?
True
Does 5 divide 441552?
False
Does 66 divide 511754?
False
Does 115 divide 814910?
False
Is 5551982 a multiple of 320?
False
Does 20 divide 34517046?
False
Is 1870626 a multiple of 8?
False
Is 6729460 a multiple of 65?
False
Does 439 divide 3023131?
False
Does 25 divide 695975?
True
Is 2681806 a multiple of 1091?
False
Is 101 a factor of 815378?
False
Is 78 a factor of 733331?
False
Does 1335 divide 7520055?
True
Is 59 a factor of 144845?
True
Is 31 a factor of 2805825?
False
Does 8 divide 845055?
False
Is 9 a factor of 1582893?
True
Is 23 a factor of 41515?
True
Does 139 divide 680305?
False
Does 165 divide 4990308?
False
Is 112176 a multiple of 456?
True
Is 352 a factor of 18